+ 2514. What is the ten thousands digit of m(-9)?
1
Let m(h) = -2*h**2 + 690*h - 1361. What is the thousands digit of m(184)?
7
Let q(c) = 6*c - 226. Let i be q(38). Suppose s - 12 - 10 = -4*o, -4*s + i*o + 16 = 0. What is the units digit of s?
6
Suppose -2*c = 2*c - 4, 0 = 3*i - 3*c - 546. Suppose i*r - 472 = 182*r. What is the units digit of r?
2
Let i(d) = 4*d**2 - 41*d + 1. Let j(g) = -g**2 + 10*g. Let v(z) = -2*i(z) - 9*j(z). Let f be v(9). What is the units digit of ((-58)/f)/((-5)/35)?
8
Let r = -1 - 2. Let n(t) = 4*t**2 + 18*t - 126. Let d be n(-10). Let a = r + d. What is the tens digit of a?
9
Let t(m) = m**3 - 13*m**2 + 25*m + 47. Let g = 293 - 279. What is the hundreds digit of t(g)?
5
Let k(t) = 246*t + 5729. What is the tens digit of k(-15)?
3
Let v be (-585)/(-10) - 2/4. Let r = v + -57. Suppose -5*c - 1 + 2 = -4*q, 3*q = 4*c - r. What is the units digit of q?
1
Let r be ((-5)/4)/((-5)/(-140)). Let y = r - -35. Suppose a - 14 - 3 = y. What is the tens digit of a?
1
Let w(o) = -6*o**3 - 18*o**2 - 25*o - 9. Let c be w(-11). Suppose -35*k + c = -15136. What is the tens digit of k?
0
Let b(r) = -115*r - 4. Suppose 9*y + 16 = y. Let u be b(y). Suppose 0*l - 5*l = -3*w + u, -384 = -5*w + l. What is the tens digit of w?
7
Let n(u) = -925*u - 3119. What is the thousands digit of n(-39)?
2
Suppose -6*r = -r - 100. Let i be 399/(5/r*4). Let y = i - 244. What is the tens digit of y?
5
Let p(n) = 77*n - 1. Let w(b) = -231*b + 3. Let h(k) = 8*p(k) + 3*w(k). Let j be h(5). Let c = j - -546. What is the hundreds digit of c?
1
Suppose 5*u - 774 = 956. Let h = u - 123. Suppose h + 197 = 5*q. What is the units digit of q?
4
Let t(i) = 3*i - 15. Let c be 12/(15/5) - (-1 + 0). Let s be t(c). Suppose s = -7*z + z + 204. What is the units digit of z?
4
Let k(y) = -271*y - 944. What is the units digit of k(-22)?
8
Let n = 2203 - 2122. Suppose -2*w - 3*c - 84 = 0, -5*w = 2*c + 3*c + 210. Let y = n - w. What is the tens digit of y?
2
Suppose 0 = k + 29 - 86. Let t = k - 59. What is the tens digit of 474/2 + (2 - (t - -4))?
3
Let n = -6 + -10. Let b(f) = f**3 + 16*f**2 - 7*f + 20. Let u be b(n). Suppose k - 3*w = -6*w + u, 9 = 3*w. What is the hundreds digit of k?
1
Let b = 49049 + -19455. What is the hundreds digit of b?
5
Suppose -g + 12 = -3*b - b, -g = -2*b - 8. Let x be 2/(6/22671) - g. What is the units digit of 3/(-2) + x/26?
9
Suppose 4*v = -n + 147382, -5*v - 40*n = -41*n - 184241. What is the ten thousands digit of v?
3
Suppose -5*k = 20, 5*k = -20*r + 13*r + 27945. What is the units digit of r?
5
Suppose -4*b + 5*r = -106, -4*b = -6*b + 2*r + 52. Suppose -b*l = -26*l + 56. Suppose -l*t + 32*t = 320. What is the tens digit of t?
8
What is the units digit of 128049/2 - (-6 - -2) - (-116)/(-232)?
8
Suppose 9852 = 2*w + c - 4892, -4*c + 29480 = 4*w. What is the tens digit of w?
7
Suppose 4*k - 2*k = y - 250, 0 = -k - 5. What is the tens digit of ((-504)/30)/(0 + (-9)/y)?
4
Suppose -16*z = -31*z + 3615. Suppose -237*s - 364 = -z*s. What is the tens digit of s?
9
Let g(o) = 24*o + 42. Let x(m) = -23*m - 43. Let p(i) = 4*g(i) + 3*x(i). What is the units digit of p(9)?
2
Let x(k) = -5*k**3 + 231*k**2 + 4*k - 245. What is the ten thousands digit of x(27)?
6
Let d = -124 - -684. Let j be 6/(-2)*(-5)/3. Suppose 0*g - d = -j*g. What is the units digit of g?
2
Suppose 4*g - 89138 = v, 195*g - 5*v - 111445 = 190*g. What is the ten thousands digit of g?
2
Suppose -2*o - 13 = h, -4*o = 9*h - 6*h + 29. What is the units digit of (-4 - o - -1)*146?
2
Suppose 2*j = 3*l + 27, j + 2*j + 3*l = 63. Let d = 15 - j. What is the units digit of d*(4 + -4 - 18)?
4
Suppose -3*q = -4*q + 162. Let y = -37 - -42. Suppose -q = -y*f + 4*f. What is the tens digit of f?
6
Let r = -737 + 1593. Suppose 7*j = -r + 2389. What is the tens digit of j?
1
Let i(k) = -k**3 - 13*k**2 - 15*k + 16. Let j be i(-14). Let r = 196 + j. What is the units digit of r?
8
Suppose 2*a + d + 213 = 0, 0 = 3*a - d - d + 302. Let l = a - -83. Let x(q) = -6*q + 55. What is the units digit of x(l)?
1
Let m = 205 + 209. Let j = m - 84. What is the hundreds digit of j?
3
Suppose -28 = f - 30. Suppose -3*g - 2*g - f*c + 753 = 0, -c - 152 = -g. What is the hundreds digit of g?
1
Let r(a) be the first derivative of -a**4 - a**3/3 + 5*a**2 + 3*a + 70. What is the tens digit of r(-4)?
0
Let g be (0 - -1 - 2) + (-1173)/(-51). Suppose 3268 = g*w - 18*w. What is the units digit of w?
7
Let s(k) = -2*k**2 + 27*k - 165. Let v(w) = -w**2 + 9*w - 55. Let g(u) = 2*s(u) - 7*v(u). What is the hundreds digit of g(16)?
6
Suppose 180*d - 323 = 199*d. Let y(q) = 2*q**2 + 22*q + 49. What is the tens digit of y(d)?
5
Let u(g) = -3*g**3 + 25*g**2 - 14*g + 45. Let z be u(8). Let f(w) = 91*w**2 - 5*w - 4. What is the units digit of f(z)?
0
What is the hundreds digit of (-23 - (-1 + 2))/(32 + 5024936/(-157024))?
4
Let s(u) = -u**3 - u**2 + u. Let z be s(-2). Suppose -z*l + 3*a + 233 = 0, a - 2*a - 3 = 0. What is the tens digit of l?
1
Suppose 4*m = 4*x + 96, m - 3*m = 3*x - 28. Suppose 4*t + 3840 = m*t. What is the units digit of t?
0
What is the units digit of (-603939)/(-14) - 2/4 - 0/4?
8
Let v = -5558 + 7238. What is the units digit of v?
0
Let s = 174 + -83. Suppose 0 = -0*j - 2*j + 5*p + 182, -s = -j - 2*p. What is the units digit of j?
1
Suppose -25891 = -5*a - 4*z, -8*a + 36254 = -a - z. What is the thousands digit of a?
5
Let t be 24 - (7 - (-6 + 5)). Let q = t + 1117. What is the units digit of q?
3
Let w be (18/36)/(1/4). Let m be (w/(-3))/((-1)/3). Suppose -m*f + 126 = -56. What is the tens digit of f?
9
Let d = -606 + 2949. What is the units digit of d?
3
Suppose 3*t = 6*t + 6, -5*t - 9212 = -2*r. Let g = r + -2615. What is the tens digit of g?
8
Suppose -s + 10828 = -4*q, 504*s = 500*s + 4*q + 43336. What is the thousands digit of s?
0
What is the hundreds digit of 3 + 163 + (-15)/(-3) + -5?
1
Suppose -4*n - y + 1360 = 0, -5*n = -2*y - 864 - 836. Suppose -u - n = -841. What is the units digit of u?
1
Let l be -220*(-1)/((-35)/(-14)). Let b = l - -423. What is the hundreds digit of b?
5
Suppose 37*k = -8790 + 218765. What is the tens digit of k?
7
Let f = 3233 + 9975. What is the tens digit of f?
0
Let q(d) = 3*d**2 + 2*d - 12. Let y(i) = -4*i**2 - 3*i + 18. Let g(o) = 7*q(o) + 5*y(o). Let k be g(0). What is the hundreds digit of (1/(k/9))/((-3)/(-204))?
1
Let z = 1285 - 231. Let t = z - -574. What is the units digit of t?
8
Let v(u) = u**3 + 53*u**2 + 66*u - 14. What is the units digit of v(-27)?
8
Let d be (-1 - 6)/(-7)*(0 + 350). Suppose 0 = 5*v + d - 1465. What is the units digit of v?
3
Let q(k) = -k**3 + k**2 + 10*k - 6. Let z be q(3). What is the tens digit of ((-383)/(-1) - z)*1?
7
Let a be 9/4*(-8)/3. Let q(c) = 88*c + 79*c - 16 - 184*c - 2. What is the tens digit of q(a)?
8
Let z(j) = j**2 + 9*j - 22. Let y be z(-11). Let t(n) = 0*n + y*n + n + 3. What is the units digit of t(5)?
8
Let m(w) = w**2 + 6*w - 7. Let c be m(-7). Let l(u) be the third derivative of u**4/24 + 85*u**3/3 + 13*u**2. What is the tens digit of l(c)?
7
Let b(r) = r**2 - 7*r + 39. Let i be -7 - -2 - 5/1. What is the tens digit of b(i)?
0
Let s be (-360)/48*(-11 + 1). Let d = s - -37. Let z = d - -19. What is the hundreds digit of z?
1
Suppose 5*c - 21 = -5*z + 4, 2*c = 5*z - 11. Suppose 0*f = -z*f + 24. Suppose r - 105 = -2*a, -2*a = -f + 2. What is the tens digit of r?
9
Let v(j) = -165 - 9*j - 47 - 24 + 37 - 49*j. What is the tens digit of v(-12)?
9
Let y be 0/(7/((-42)/48)). Let l(i) be the second derivative of -i**5/20 - i**4/12 - i**3/6 + 100*i**2 + i. What is the tens digit of l(y)?
0
What is the units digit of (16 + -27 + 16988)/1?
7
Suppose 16*o + 2 - 42 = 6*o. Let w = 26 + -11. Suppose 0 = o*q - w*q + 187. What is the tens digit of q?
1
Let o(x) = 139*x**2 + 119*x - 1132. What is the units digit of o(9)?
8
Suppose 4*b + 3*r - 61698 - 60506 = 0, -5*b + 152758 = 3*r. What is the units digit of b?
4
Suppose 6*j - 33555 + 3813 = 0. What is the tens digit of j?
5
Let x = -3824 + 7159. What is the hundreds digit of x?
3
Let z be (-39)/(((-1)/5)/(12/10)). Let o = 1259 - z. What is the hundreds digit of (-1)/(-2) + o/10?
1
Let w(h) = -83*h - 9. Let c(f) = f. Let x(u) = -6*c(u) + w(u). Let j be x(-9). Suppose 8*n - j = 360. What is the